 digit of 6636?
6
What is the units digit of 1071?
1
What is the hundreds digit of 36734?
7
What is the thousands digit of 5383?
5
What is the thousands digit of 42641?
2
What is the thousands digit of 1325?
1
What is the hundreds digit of 681?
6
What is the thousands digit of 1186?
1
What is the thousands digit of 73582?
3
What is the hundreds digit of 2228?
2
What is the units digit of 154563?
3
What is the tens digit of 30633?
3
What is the thousands digit of 15168?
5
What is the hundreds digit of 267?
2
What is the tens digit of 3086?
8
What is the tens digit of 7291?
9
What is the thousands digit of 121128?
1
What is the units digit of 50906?
6
What is the thousands digit of 1143?
1
What is the thousands digit of 76503?
6
What is the units digit of 6879?
9
What is the hundreds digit of 897?
8
What is the thousands digit of 2613?
2
What is the tens digit of 3352?
5
What is the thousands digit of 149014?
9
What is the hundreds digit of 1521?
5
What is the hundreds digit of 3783?
7
What is the units digit of 2454?
4
What is the hundreds digit of 8014?
0
What is the thousands digit of 49616?
9
What is the thousands digit of 3189?
3
What is the hundreds digit of 2112?
1
What is the tens digit of 4941?
4
What is the hundreds digit of 1028?
0
What is the tens digit of 96?
9
What is the tens digit of 731?
3
What is the hundreds digit of 25451?
4
What is the tens digit of 27796?
9
What is the units digit of 721?
1
What is the tens digit of 3196?
9
What is the tens digit of 5896?
9
What is the units digit of 1772?
2
What is the ten thousands digit of 39113?
3
What is the hundreds digit of 413?
4
What is the units digit of 1839?
9
What is the hundreds digit of 3385?
3
What is the units digit of 90280?
0
What is the tens digit of 133?
3
What is the tens digit of 2121?
2
What is the ten thousands digit of 26489?
2
What is the units digit of 555?
5
What is the units digit of 92778?
8
What is the units digit of 304?
4
What is the tens digit of 147?
4
What is the thousands digit of 27590?
7
What is the tens digit of 33738?
3
What is the units digit of 3215?
5
What is the units digit of 70616?
6
What is the hundreds digit of 32168?
1
What is the tens digit of 1455?
5
What is the hundreds digit of 2926?
9
What is the units digit of 9960?
0
What is the thousands digit of 1531?
1
What is the hundreds digit of 320?
3
What is the hundreds digit of 16076?
0
What is the thousands digit of 6155?
6
What is the units digit of 1197?
7
What is the ten thousands digit of 24696?
2
What is the hundreds digit of 7005?
0
What is the tens digit of 36438?
3
What is the tens digit of 1413?
1
What is the tens digit of 3656?
5
What is the units digit of 1704?
4
What is the tens digit of 571?
7
What is the ten thousands digit of 43938?
4
What is the tens digit of 923?
2
What is the ten thousands digit of 26442?
2
What is the units digit of 21551?
1
What is the ten thousands digit of 14875?
1
What is the hundreds digit of 45498?
4
What is the units digit of 31234?
4
What is the ten thousands digit of 144521?
4
What is the units digit of 13196?
6
What is the thousands digit of 14700?
4
What is the units digit of 11938?
8
What is the thousands digit of 7681?
7
What is the units digit of 730?
0
What is the units digit of 268?
8
What is the ten thousands digit of 72189?
7
What is the thousands digit of 49625?
9
What is the units digit of 3260?
0
What is the thousands digit of 3504?
3
What is the thousands digit of 2188?
2
What is the thousands digit of 78434?
8
What is the units digit of 818?
8
What is the tens digit of 50454?
5
What is the thousands digit of 16879?
6
What is the thousands digit of 70483?
0
What is the thousands digit of 1545?
1
What is the units digit of 3308?
8
What is the thousands digit of 2910?
2
What is the thousands digit of 26801?
6
What is the units digit of 2768?
8
What is the tens digit of 126?
2
What is the units digit of 650?
0
What is the tens digit of 1470?
7
What is the hundred thousands digit of 157177?
1
What is the thousands digit of 103993?
3
What is the tens digit of 1598?
9
What is the tens digit of 6988?
8
What is the units digit of 781?
1
What is the units digit of 5508?
8
What is the thousands digit of 2530?
2
What is the hundreds digit of 69127?
1
What is the units digit of 995?
5
What is the units digit of 5271?
1
What is the units digit of 2867?
7
What is the tens digit of 97355?
5
What is the thousands digit of 5660?
5
What is the hundreds digit of 17494?
4
What is the tens digit of 822?
2
What is the hundreds digit of 9030?
0
What is the tens digit of 558?
5
What is the tens digit of 230?
3
What is the thousands digit of 7834?
7
What is the units digit of 180?
0
What is the thousands digit of 7262?
7
What is the ten thousands digit of 77205?
7
What is the units digit of 3286?
6
What is the thousands digit of 3961?
3
What is the hundreds digit of 38213?
2
What is the tens digit of 744?
4
What is the thousands digit of 140240?
0
What is the tens digit of 3335?
3
What is the tens digit of 69791?
9
What is the tens digit of 35398?
9
What is the tens digit of 461?
6
What is the units digit of 35831?
1
What is the units digit of 17232?
2
What is the thousands digit of 1676?
1
What is the hundreds digit of 16106?
1
What is the units digit of 2124?
4
What is the ten thousands digit of 31288?
3
What is the thousands digit of 15172?
5
What is the tens digit of 12555?
5
What is the tens digit of 4064?
6
What is the hundreds digit of 792?
7
What is the tens digit of 196?
9
What is the thousands digit of 7103?
7
What is the tens digit of 8055?
5
What is the hundreds digit of 3889?
8
What is the hundreds digit of 10184?
1
What is the thousands digit of 19934?
9
What is the thousands digit of 3116?
3
What is the units digit of 83?
3
What is the units digit of 327?
7
What is the ten thousands digit of 43950?
4
What is the tens digit of 2815?
1
What is the hundreds digit of 1015?
0
What is the tens digit of 773?
7
What is the tens digit of 2753?
5
What is the ten thousands digit of 61367?
6
What is the hundreds digit of 4526?
5
What is the units digit of 493?
3
What is the ten thousands digit of 10210?
1
What is the units digit of 2654?
4
What is the tens digit of 15760?
6
What is the thousands digit of 7142?
7
What is the units digit of 361?
1
What is the units digit of 3225?
5
What is the thousands digit of 50670?
0
What is the tens digit of 713?
1
What is the units digit of 64626?
6
What is the thousands digit of 1075?
1
What is the thousands digit of 10668?
0
What is the ten thousands digit of 10770?
1
What is the hundreds digit of 574?
5
What is the hundreds digit of 435?
4
What is the units digit of 368?
8
What is the units digit of 1537?
7
What is the hundreds digit of 15621?
6
What is the tens digit of 146754?
5
What is the ten thousands digit of 12499?
1
What is the units digit of 12397?
7
What is the units digit of 9243?
3
What is the tens digit of 1957?
5
What is the thousands digit of 2180?
2
What is the units digit of 52?
2
What is the thousands digit of 5157?
5
What is the hundreds digit of 12571?
5
What is the tens digit of 5176?
7
What is the units digit of 1978?
8
What is the tens digit of 134676?
7
What is the tens digit of 57747?
4
What is the tens digit of 12419?
1
What is the tens digit of 22762?
6
What is the units digit of 646?
6
What is the units digit of 4745?
5
What is the hundreds digit of 31044?
0
What is the tens digit of 361?
6
What is the units digit of 1311?
1
What is the hundreds digit of 14004?
0
What is the units digit of 510?
0
What is the tens digit of 5584?
8
What is the tens digit of 8890?
9
What is the thousands digit of 3192?
3
What is the units digit of 597?
7
What is the ten thousands digit of 54759?
5
What is the hundreds digit of 17350?
3
What is the units digit of 16154?
4
What is the units digit of 18397?
7
What is the tens digit of 2702?
0
What is the tens digit of 187?
8
What is the units digit of 11703?
3
What is the tens digit of 30769?
6
What is the units digit of 272?
2
What is the hundreds digit of 9290?
2
What is the tens digit of 3415?
1
What is the units digit of 7094?
4
What is the units digit of 10442?
2
What is the units digit of 4990?
0
What is the thousands digit of 1973?
1
What is the t